{"id":34152,"date":"2020-05-03T16:24:00","date_gmt":"2020-05-03T14:24:00","guid":{"rendered":"https:\/\/osaone.ch\/prodotto\/rock\/"},"modified":"2022-11-21T09:34:57","modified_gmt":"2022-11-21T08:34:57","slug":"woll-rock-elastisch-in-vita-schwarz","status":"publish","type":"product","link":"https:\/\/osaone.ch\/de\/produkt\/woll-rock-elastisch-in-vita-schwarz\/","title":{"rendered":"Rock"},"content":{"rendered":"<p>Gestrickt, Wolle aus der ersten Schur, garngef\u00e4rbt, sehr weich, dr\u00fcckt nicht, unter normalen Bedingungen keine Faltenbildung.<\/p>\n<p>L\u00e4nge, f\u00fcr eine 160 cm gro\u00dfe Frau, liegt unterhalb des Knies und hat einen Gummizug in der Taille.<\/p>\n<p>ZERTIFIZIERTES ITALIENISCHES PRODUKT<\/p>\n","protected":false},"excerpt":{"rendered":"<p>100% Merinowolle<\/p>\n","protected":false},"featured_media":178185,"template":"","meta":{"_seopress_robots_primary_cat":"none","_seopress_titles_title":"","_seopress_titles_desc":"","_seopress_robots_index":""},"product_brand":[],"product_cat":[397],"product_tag":[],"class_list":{"0":"post-34152","1":"product","2":"type-product","3":"status-publish","4":"has-post-thumbnail","6":"product_cat-die-rocke","7":"pa_taglia-42-de","8":"pa_taglia-44-de","9":"pa_taglia-46-de","10":"pa_taglia-48-de","11":"pa_taglia-50-de","13":"first","14":"instock","15":"shipping-taxable","16":"purchasable","17":"product-type-variable","18":"has-default-attributes"},"_links":{"self":[{"href":"https:\/\/osaone.ch\/de\/wp-json\/wp\/v2\/product\/34152","targetHints":{"allow":["GET"]}}],"collection":[{"href":"https:\/\/osaone.ch\/de\/wp-json\/wp\/v2\/product"}],"about":[{"href":"https:\/\/osaone.ch\/de\/wp-json\/wp\/v2\/types\/product"}],"wp:featuredmedia":[{"embeddable":true,"href":"https:\/\/osaone.ch\/de\/wp-json\/wp\/v2\/media\/178185"}],"wp:attachment":[{"href":"https:\/\/osaone.ch\/de\/wp-json\/wp\/v2\/media?parent=34152"}],"wp:term":[{"taxonomy":"product_brand","embeddable":true,"href":"https:\/\/osaone.ch\/de\/wp-json\/wp\/v2\/product_brand?post=34152"},{"taxonomy":"product_cat","embeddable":true,"href":"https:\/\/osaone.ch\/de\/wp-json\/wp\/v2\/product_cat?post=34152"},{"taxonomy":"product_tag","embeddable":true,"href":"https:\/\/osaone.ch\/de\/wp-json\/wp\/v2\/product_tag?post=34152"}],"curies":[{"name":"wp","href":"https:\/\/api.w.org\/{rel}","templated":true}]}}

<p>Gestrickt, Wolle aus der ersten Schur, garngefärbt, sehr weich, drückt nicht, unter normalen Bedingungen keine Faltenbildung.</p>
<p>Länge, für eine 160 cm große Frau, liegt unterhalb des Knies und hat einen Gummizug in der Taille.</p>
<p>ZERTIFIZIERTES ITALIENISCHES PRODUKT</p>
